umber?
True
Is 8720759 a composite number?
True
Is 79170031 composite?
True
Is 55035839 prime?
False
Is 374618369 prime?
False
Is 25390451 prime?
False
Is 17142773 a composite number?
False
Is 12164899 prime?
True
Is 97566581 a prime number?
False
Is 26084603 a prime number?
False
Is 1223791 a prime number?
False
Is 112163 composite?
False
Is 1041823 a composite number?
False
Is 16837607 a prime number?
True
Is 22852265 prime?
False
Is 1686527 a composite number?
False
Is 55238813 a prime number?
False
Is 2954451 prime?
False
Is 107158321 prime?
True
Is 1155263 composite?
False
Is 1556837 a composite number?
False
Is 139312673 composite?
True
Is 32176387 prime?
True
Is 46728431 a composite number?
True
Is 104505751 composite?
True
Is 4803041 a composite number?
True
Is 2287498 prime?
False
Is 312889519 a composite number?
True
Is 61677233 a composite number?
True
Is 220579 a composite number?
False
Is 892817 a prime number?
True
Is 791489 composite?
False
Is 157547927 a prime number?
True
Is 1878803 a composite number?
False
Is 27797219 prime?
True
Is 2195273 a composite number?
False
Is 434863057 a composite number?
False
Is 44453951 prime?
True
Is 156495043 composite?
False
Is 67753997 prime?
True
Is 1183061309 a composite number?
False
Is 2713822 prime?
False
Is 64367561 prime?
True
Is 54284357 a prime number?
True
Is 25318651 composite?
False
Is 1266149 a prime number?
True
Is 7372721 a prime number?
True
Is 47337793 a prime number?
True
Is 41691607 a composite number?
False
Is 12275107 composite?
True
Is 2876759 composite?
False
Is 68258297 a composite number?
False
Is 4225471 prime?
False
Is 129010799 prime?
False
Is 2650409 prime?
True
Is 83529213 composite?
True
Is 2482411 prime?
True
Is 3858397 composite?
True
Is 387017 a composite number?
False
Is 25288363 a prime number?
True
Is 43811239 prime?
True
Is 5339857 composite?
True
Is 72862427 a composite number?
True
Is 7477329 a composite number?
True
Is 4811993 composite?
False
Is 5601383 a composite number?
False
Is 1169477 a composite number?
False
Is 1719659 prime?
True
Is 5507353 a composite number?
False
Is 4484554 composite?
True
Is 3994669 composite?
True
Is 72464065 a prime number?
False
Is 736125829 a composite number?
False
Is 6623741 composite?
False
Is 848085395 a prime number?
False
Is 639647 a prime number?
True
Is 14103179 a prime number?
False
Is 534403 a prime number?
True
Is 595749919 a composite number?
True
Is 669979 a composite number?
True
Is 32784049 a composite number?
False
Is 10105091 prime?
True
Is 12542909 a composite number?
True
Is 13696841 a prime number?
True
Is 21437015 composite?
True
Is 13465849 a composite number?
True
Is 2594803 a composite number?
False
Is 59124017 a composite number?
False
Is 24316349 prime?
True
Is 44305579 a prime number?
True
Is 3789323 composite?
False
Is 8652757 composite?
True
Is 2234303 a composite number?
False
Is 78929342 prime?
False
Is 142759009 composite?
False
Is 1185062 prime?
False
Is 4006091 a composite number?
False
Is 4395103 composite?
False
Is 9322957 a composite number?
True
Is 141662847 composite?
True
Is 23787461 a prime number?
True
Is 135715 a prime number?
False
Is 588229 a prime number?
True
Is 343217747 a prime number?
True
Is 555447163 prime?
True
Is 3108667 prime?
False
Is 11436361 a composite number?
False
Is 9628579 a composite number?
True
Is 4195369 a composite number?
True
Is 13853909 prime?
False
Is 57221678 a composite number?
True
Is 223099039 composite?
False
Is 121164677 a composite number?
True
Is 82081067 a composite number?
False
Is 6380333 prime?
False
Is 33467779 a composite number?
False
Is 37683283 a composite number?
True
Is 6315871 a prime number?
True
Is 65772089 prime?
False
Is 2495429 composite?
False
Is 1090386007 a composite number?
False
Is 1125290107 a prime number?
False
Is 68349817 prime?
True
Is 172234 a composite number?
True
Is 10606901 prime?
False
Is 386971753 prime?
False
Is 9776369 a prime number?
True
Is 35056379 a prime number?
False
Is 103639873 composite?
True
Is 51761179 a prime number?
True
Is 274985741 prime?
False
Is 86378243 composite?
True
Is 5152639 composite?
False
Is 1766899 a prime number?
True
Is 3234389 a composite number?
True
Is 5418313 composite?
False
Is 962341 a composite number?
False
Is 694303 prime?
False
Is 22747189 a composite number?
True
Is 169518059 composite?
False
Is 156451651 a composite number?
True
Is 2137553 a composite number?
True
Is 102884549 a prime number?
True
Is 2383307 a composite number?
True
Is 6184229 prime?
True
Is 30626023 composite?
False
Is 64989643 prime?
True
Is 82753159 prime?
True
Is 9597479 a composite number?
False
Is 8465581 composite?
False
Is 121472319 composite?
True
Is 199511138 a prime number?
False
Is 102472963 prime?
True
Is 142615693 a composite number?
True
Is 10824277 a prime number?
True
Is 2521671 composite?
True
Is 13464391 a prime number?
False
Is 58049011 a composite number?
True
Is 17845319 composite?
False
Is 2091331 prime?
False
Is 93419 a composite number?
False
Is 123086791 a composite number?
True
Is 459139 prime?
False
Is 143192209 a prime number?
True
Is 2610149 prime?
False
Is 771544883 prime?
True
Is 458807 composite?
False
Is 75161819 composite?
True
Is 356591 prime?
True
Is 90163349 a prime number?
False
Is 100573987 prime?
True
Is 1147819 composite?
False
Is 576493 a prime number?
True
Is 359743 prime?
False
Is 36413243 composite?
True
Is 419933201 a composite number?
True
Is 4102649 a prime number?
True
Is 32726273 composite?
False
Is 8765443 a composite number?
True
Is 33219905 composite?
True
Is 2414681 a prime number?
True
Is 8392897 a composite number?
False
Is 2934623 composite?
False
Is 194754149 composite?
False
Is 21439 a prime number?
False
Is 38779307 composite?
True
Is 3817573 prime?
True
Is 37156351 composite?
False
Is 966161627 prime?
True
Is 708649451 prime?
True
Is 1967159 composite?
True
Is 1413918643 a prime number?
False
Is 15131273 a composite number?
False
Is 15243953 prime?
False
Is 488879 prime?
True
Is 17103407 a composite number?
False
Is 135867021 a prime number?
False
Is 9598949 a composite number?
False
Is 935089 composite?
True
Is 98678555 a prime number?
False
Is 4075459 prime?
True
Is 3800429 prime?
True
Is 5534839 composite?
False
Is 1206421 prime?
False
Is 77125019 prime?
False
Is 1434637 a composite number?
False
Is 190088771 prime?
True
Is 2234527 a prime number?
False
Is 4986613 a prime number?
True
Is 292132759 prime?
True
Is 82385879 a prime number?
False
Is 5061787 a prime number?
False
Is 47235437 a prime number?
True
Is 1055428849 composite?
False
Is 6068857 a composite number?
False
Is 2145937 a composite number?
False
Is 132764869 prime?
True
Is 9063833 composite?
False
Is 184667059 prime?
False
Is 32568997 a composite number?
False
Is 3226891 a composite number?
False
Is 42558139 composite?
True
Is 6380917 a prime number?
False
Is 933563 a composite number?
False
Is 27063781 prime?
False
Is 21541537 a composite number?
False
Is 1760849 prime?
True
Is 5334353 composite?
True
Is 3430663 composite?
False
Is 101097109 a prime number?
True
Is 10801951 composite?
True
Is 46736549 composite?
False
Is 97654457 prime?
False
Is 120479693 a prime number?
False
Is 21163403 a prime number?
True
Is 74779711 a composite number?
False
Is 6534147 composite?
True
Is 43294043 a composite number?
True
Is 7446217 a prime number?
False
Is 117014959 a prime number?
True
Is 10124039 a prime number?
True
Is 236675981 a prime number?
True
Is 95325257 a prime number?
False
Is 44636359 a prime number?
True
Is 6309817 a composite number?
False
Is 36357781 a prime number?
False
Is 73819 a prime number?
True
Is 120325889 composite?
False
Is 146497339 prime?
True
Is 2736673 a composite number?
False
Is 13194469 a composite number?
True
Is 20519111 prime?
False
Is 167579305 prime?
False
Is 13523693 prime?
True
Is 10343597 composite?
True
Is 57463 composite?
True
Is 1244717 composite?
True
Is 1627517 a prime number?
False
Is 158283383 prime?
True
Is 30828439 a prime number?
False
Is 2199601 prime?
True
Is 1976985317 prime?
True
Is 8504747 a prime number?
False
Is 32292815 a prime number?
False
Is 17346643 composite?
False
Is 32269241 a prime number?
True
Is 17891327 a 